s the highest common factor of m and 10?
10
Let f(a) = a**2 + 6*a + 4. Let d be f(3). Suppose -53 - d = -6*h. What is the highest common divisor of h and 28?
14
Let p be -4 - (6 - 15) - 566/(-2). Calculate the highest common divisor of p and 360.
72
Let c(s) = 13*s + 17. Let q be c(-14). Let u be (q/(-2) - 0)*(-2 + 4). What is the greatest common divisor of u and 33?
33
Let q = 381 + -121. What is the greatest common divisor of 12 and q?
4
Let d(j) = 7*j**3 + 2*j**2 - 1. Let q be d(1). Let w be (-6)/10*(q - 13). Calculate the highest common factor of 24 and w.
3
Let r(u) = -6*u + 3. Let b be r(-6). Suppose 15 = 5*v, -3*f - 3*v + b = -2*v. What is the highest common divisor of f and 3?
3
Suppose -41 = -4*q + 3*y, 5*q - 3*y - 55 = 2*y. Suppose 4*k - 26 = -10. Calculate the highest common factor of q and k.
4
Suppose 41*i - 263 = 1418. Calculate the highest common factor of 1025 and i.
41
Let m(i) = 4*i**2 - 39*i + 5. Let s be m(11). What is the greatest common divisor of s and 1020?
60
Suppose 22 = 3*o - 4*z, -2 = -5*o - 3*z - 4. What is the greatest common divisor of 5 and o?
1
Let x = 3 + 27. Let s = 45 - x. Calculate the greatest common divisor of 6 and s.
3
Let c be (119/(-14))/(-2 - (-6)/4). Let p be (2 + -1)*c/(102/108). Calculate the highest common factor of p and 2.
2
Let y be ((-2)/(-10)*-716)/(118/(-295)). Calculate the greatest common divisor of 2 and y.
2
Let n be 51/(1683/1210)*(-12)/(-5). Calculate the greatest common divisor of 154 and n.
22
Suppose a - 118 = -0*g - g, -a = -5*g - 112. Let v = -17 + a. Calculate the greatest common factor of v and 25.
25
Suppose 91*b = 88*b + 126. Calculate the greatest common divisor of b and 42.
42
Suppose -9*d - 1517 = -10*d. Calculate the highest common factor of 74 and d.
37
Suppose -2 = 4*d - 18. Suppose 44 = -d*z - 0. Let p(y) = -5*y + 9. Let n be p(z). Calculate the highest common factor of n and 8.
8
Let n = 816 + -468. Suppose -2*i = -n + 108. Calculate the highest common factor of 24 and i.
24
Let u(h) = -h**2 - 18*h - 27. Let j be u(-15). Let w = -263 - -265. Calculate the greatest common factor of w and j.
2
Suppose -12*x + 181 + 491 = 0. Suppose -4*s + 92 + 36 = 0. Suppose 0 = -4*m + 2*y + 28, 2*m - 7*m + s = -4*y. What is the greatest common divisor of m and x?
8
Let r = 74 - -18. What is the greatest common divisor of r and 23?
23
Let l = -143 + 167. Calculate the highest common divisor of 1032 and l.
24
Suppose -8*t = -7*t + 15. Let b = -1 - t. Suppose i = -4*z + b, 0*i + 2*i - 22 = -2*z. Calculate the highest common factor of 90 and i.
10
Suppose -2*k = -k + 8. Let x be 28/21*(-138)/k. Calculate the highest common factor of x and 92.
23
Let i = 11 - 10. Let s = 1 + i. Suppose 4 = -s*p, 5*a - 304 = 3*p - p. What is the highest common divisor of 15 and a?
15
Let s be 160 - 9/((-9)/4). Let l be 1/(s/(-56) + 3). Let d = -25 + 46. Calculate the greatest common divisor of l and d.
7
Let v = 2160 - 2000. Calculate the highest common factor of v and 48.
16
Let d = 22 + -20. Suppose 132 = 2*n + d*i, 141 = -3*n - 4*i + 340. Suppose 20 = -5*t, 5*c - 111 = -5*t - 1. What is the greatest common divisor of c and n?
13
Let r be (-11)/(-4) - 4/(-16). Let o be (-3)/9*(1 + -1). Suppose o = -n - r*k + 81, 3*n + n = 2*k + 282. What is the greatest common divisor of n and 48?
24
Suppose -n = 3*r - 6*r + 1102, -3*n = -5*r + 1830. Calculate the highest common divisor of 3 and r.
3
Let q(h) = -h**2 + 12*h - 9. Let l = -7 + 18. Let x be q(l). Let r = 0 + x. What is the highest common divisor of 2 and r?
2
Let n = 23 - 11. Suppose n + 28 = 4*a. What is the highest common divisor of a and 100?
10
Suppose -2*f + 15 = 5*j, 2*f + j + 5 = -0*j. Let t be (-112)/(-6)*(f - -8). Calculate the greatest common factor of 8 and t.
8
Suppose -7 = n - 26. Suppose -4*q - 3*f + 53 = 0, -q - q + f + n = 0. What is the greatest common divisor of q and 11?
11
Let x(a) be the second derivative of a**4/12 - a**2 + a. Suppose 8 = -11*w - 36. Let c be x(w). What is the greatest common factor of c and 21?
7
Let o(p) = 6*p**2 + 203*p - 65. Let s be o(-37). What is the highest common factor of s and 88?
22
Suppose l - 21 = -2*l. Let s = 29 - l. Suppose -6*n - 113 + 443 = 0. What is the highest common factor of n and s?
11
Let i be (18/(-2))/(3/18). Let g = 58 + i. What is the highest common divisor of g and 16?
4
Let p be (-5 + (-161)/(-21))*24. Calculate the highest common divisor of p and 32.
32
Let d(z) be the third derivative of z**4/24 + 4*z**3/3 + 2*z**2. Let f be d(7). Calculate the highest common divisor of 105 and f.
15
Let t be (-3 - -2)*(-10)/1. Suppose -b = -6*b + 2*q + 61, -5*q + t = 0. Let u(j) = -17*j + 5. Let z be u(-2). What is the greatest common factor of z and b?
13
Suppose 15*p - 27 = 6*p. Suppose 0 = -s + i + 11, 4*i - 3*i - 53 = -p*s. What is the highest common divisor of s and 4?
4
Let b be 2/(-7) + 494172/882. What is the greatest common factor of 252 and b?
28
Suppose -3*h - 3*m - m = -975, 0 = 4*h - 2*m - 1278. Suppose h = 2*f - p, 3*f - 481 = 6*p - 5*p. Calculate the highest common divisor of f and 64.
32
Suppose -5*s + i + 6 = 0, -s = -3*s - 3*i + 16. Suppose 2*y + 55 = 5*y + z, -2*y - s*z + 38 = 0. What is the highest common divisor of 9 and y?
9
Let o be ((-1)/(-2))/(11/(-22)). Suppose -12 + 2 = 5*c. Let w be (o + c/(-6))*-12. What is the greatest common divisor of 2 and w?
2
Let x be (12/(-9))/(-2) - 3204/(-54). What is the highest common divisor of x and 10?
10
Let v = 15 + -10. Suppose 2*g + 81 = v*g. What is the greatest common divisor of 54 and g?
27
Let g(a) = -a**2 + a + 1. Suppose 6 = -8*p + 11*p. Suppose -r = 3*z - 0 + 1, -p = 2*r. Let d be g(z). Calculate the greatest common factor of 7 and d.
1
Let s = 431 - 379. Let q be -39*1/(-6)*2. What is the highest common factor of q and s?
13
Let v(q) = 25*q - 189. Let u be v(15). What is the greatest common factor of 124 and u?
62
Let d(i) = 3*i**2 + 23*i + 6. Let h be d(-11). Calculate the greatest common factor of h and 4.
4
Let y be (-4)/(-30) - 17/15 - -7. Suppose -5*q + 151 - 1 = 0. Calculate the greatest common factor of q and y.
6
Let u = 30 - 15. Let m(y) = -165*y**3 - 4*y - 4. Suppose -258*x - 4 = -254*x. Let t be m(x). What is the highest common divisor of t and u?
15
Let u = -804 + 1280. Calculate the greatest common factor of 136 and u.
68
Let m = -87 + 90. Suppose m*f = -4*n + 6, 2*f + 4 = 4*f - 2*n. Calculate the highest common factor of f and 8.
2
Suppose -2*o + 15 = o, -4*g - 3*o = -123. Let r(t) = 127*t - 84. Let i be r(3). Calculate the highest common factor of g and i.
27
Let c be 158/4*2 - 2. Suppose 0 = 38*z + 8*z - 322. What is the greatest common divisor of c and z?
7
Let f be 72/45 - (16/10 + -2). Suppose -f*u + 0*t + 206 = 2*t, 3*u - 291 = 3*t. What is the highest common factor of u and 20?
20
Let x = 13 - -6. Suppose -3*j + 3*h + 41 = -x, -2*h + 72 = 5*j. What is the highest common factor of j and 144?
16
Let c(p) be the third derivative of p**4/12 + 7*p**3/6 - 7*p**2. Let z be c(0). Suppose -z = -k - 0. Calculate the highest common factor of k and 28.
7
Suppose -2*t = 2*i - 12, 30*t - 25*t = -i + 6. What is the greatest common factor of 48 and i?
6
Suppose -2*c - 1 = -73. Suppose 17 = -2*n - 5*f, -8*n = -5*n - f - 17. Calculate the greatest common factor of n and c.
4
Suppose 4*n = 2*n + 14. Let o be (-2)/n - (-228)/14. Let j(y) = -2*y - 4. Let x be j(-6). Calculate the highest common factor of o and x.
8
Let l be (-8)/24 - (-7)/3. Let i be 146/8 + l/(-8). Calculate the highest common factor of 180 and i.
18
Suppose 0 = -4*a - 7 + 11. Let j be (a - 4)*45/(-27). Suppose j*q - 5*k - 232 - 168 = 0, 5*q - 391 = 2*k. Calculate the highest common factor of 11 and q.
11
Let d(x) = -80*x + 2. Let c be d(-3). Suppose -4*j - 5*t = -8*j + 188, -5*j = -2*t - 252. Suppose -8 + j = 2*l. Calculate the highest common divisor of l and c.
22
Let u(z) = 9*z - 72. Let s be u(11). Calculate the highest common factor of 135 and s.
27
Suppose n - 40 = 19*s - 16*s, 0 = -3*n - 3*s + 108. What is the highest common factor of n and 370?
37
Let a = 198 - 192. Suppose 0 = c - 15 - 3. Calculate the highest common factor of a and c.
6
Suppose 2*c + 3 = -1. Let o be (-5)/((-5)/c) - 183. Let r = -113 - o. What is the greatest common factor of r and 